de 282475?
False
Is 3 a factor of 393890?
False
Is 40852625 a multiple of 27?
False
Does 177 divide 475776?
True
Is 68680 a multiple of 8?
True
Does 1425 divide 566210?
False
Does 129 divide 35346?
True
Is 167765 a multiple of 34?
False
Is 8 a factor of 705528?
True
Does 16 divide 9313536?
True
Is 1135728 a multiple of 88?
True
Does 148 divide 346616?
True
Is 213156 a multiple of 18?
True
Is 63 a factor of 99855?
True
Is 892 a factor of 11323124?
False
Is 33 a factor of 58938?
True
Is 71843 a multiple of 21?
False
Is 50450 a multiple of 50?
True
Is 16665225 a multiple of 25?
True
Is 2 a factor of 1403123?
False
Does 1079 divide 1078834?
False
Is 153734 a multiple of 169?
False
Is 6 a factor of 38917?
False
Is 750397 a multiple of 1906?
False
Is 858319 a multiple of 497?
True
Is 703365 a multiple of 446?
False
Is 29 a factor of 859025?
False
Does 14 divide 1786288?
True
Is 60 a factor of 592440?
True
Is 1645319 a multiple of 694?
False
Is 1878110 a multiple of 14?
False
Does 19 divide 2656409?
True
Does 2300 divide 11856500?
True
Is 97866 a multiple of 45?
False
Is 3376640 a multiple of 256?
True
Is 1452716 a multiple of 92?
False
Does 597 divide 8248152?
True
Does 140 divide 134120?
True
Does 31 divide 227795?
False
Is 6 a factor of 150776?
False
Is 526925 a multiple of 22?
False
Does 13 divide 178451?
True
Does 171 divide 9469800?
False
Is 9 a factor of 8887140?
True
Is 7 a factor of 616970?
False
Does 405 divide 65610?
True
Is 697135 a multiple of 363?
False
Is 238807 a multiple of 4?
False
Is 314903 a multiple of 6?
False
Does 25 divide 24278?
False
Does 35 divide 6008765?
True
Is 102 a factor of 54162?
True
Does 29 divide 67940?
False
Is 10372838 a multiple of 1379?
True
Does 40 divide 789107?
False
Is 18 a factor of 21743064?
True
Is 340 a factor of 263160?
True
Does 175 divide 3214132?
False
Is 151320 a multiple of 6?
True
Is 9461 a multiple of 3?
False
Is 421632 a multiple of 11?
False
Does 162 divide 53659?
False
Does 24 divide 33888?
True
Is 384762 a multiple of 7?
True
Is 365 a factor of 2031427?
False
Is 3256 a multiple of 37?
True
Does 16 divide 1307312?
True
Is 151164 a multiple of 9?
True
Does 75 divide 2970842?
False
Does 82 divide 6957700?
True
Does 19 divide 108433?
True
Is 188 a factor of 159582?
False
Is 914737 a multiple of 365?
False
Is 74243 a multiple of 43?
False
Is 117 a factor of 15941835?
True
Is 121 a factor of 34861?
False
Is 60 a factor of 1593120?
True
Does 49 divide 485760?
False
Is 10914800 a multiple of 200?
True
Is 13 a factor of 105211?
False
Is 527 a factor of 766319?
False
Is 1677364 a multiple of 26?
True
Is 3 a factor of 3522?
True
Is 24 a factor of 884088?
True
Is 93 a factor of 54312?
True
Is 2739015 a multiple of 31?
False
Is 148965 a multiple of 8?
False
Is 101062 a multiple of 370?
False
Is 206353 a multiple of 16?
False
Is 4 a factor of 277714?
False
Is 14160201 a multiple of 51?
True
Does 143 divide 865831?
False
Does 77 divide 19712?
True
Does 655 divide 1574894?
False
Is 1237214 a multiple of 22?
True
Does 10 divide 117835?
False
Is 2995397 a multiple of 36?
False
Does 476 divide 257040?
True
Is 6 a factor of 787710?
True
Is 307631 a multiple of 127?
False
Does 24 divide 156296?
False
Is 22 a factor of 218020?
True
Is 6 a factor of 2678734?
False
Does 98 divide 21222390?
True
Is 101683 a multiple of 60?
False
Is 14392 a multiple of 263?
False
Does 43 divide 61813?
False
Is 94 a factor of 27166?
True
Is 4308655 a multiple of 127?
False
Is 2 a factor of 138867?
False
Is 14 a factor of 129598?
True
Is 34 a factor of 21353598?
True
Is 115 a factor of 6457463?
False
Is 441 a factor of 39171?
False
Does 4 divide 598808?
True
Is 56 a factor of 248192?
True
Is 14481099 a multiple of 44?
False
Does 150 divide 550644?
False
Is 24640 a multiple of 308?
True
Is 4568719 a multiple of 1101?
False
Is 9 a factor of 3248496?
True
Does 25 divide 72109?
False
Does 10 divide 111852?
False
Does 24 divide 11313838?
False
Does 17 divide 268192?
True
Does 315 divide 4739490?
True
Is 134609 a multiple of 171?
False
Is 220 a factor of 45760?
True
Does 25 divide 5925?
True
Is 15 a factor of 1759575?
True
Is 38 a factor of 24011?
False
Is 65 a factor of 45760?
True
Does 17 divide 2144431?
True
Does 55 divide 2508951?
False
Is 45 a factor of 3917785?
False
Is 121 a factor of 151841?
False
Is 368570 a multiple of 2?
True
Does 59 divide 1180?
True
Does 32 divide 11701632?
True
Is 7107 a multiple of 309?
True
Is 43163 a multiple of 17?
True
Does 20 divide 24540?
True
Does 179 divide 7008725?
False
Is 1101170 a multiple of 149?
False
Is 86 a factor of 2755175?
False
Is 4774116 a multiple of 922?
True
Does 123 divide 67527?
True
Is 24642 a multiple of 111?
True
Is 1964527 a multiple of 9?
False
Is 169 a factor of 1249924?
True
Does 14 divide 22694?
True
Is 192818 a multiple of 14?
False
Is 43 a factor of 2571658?
True
Is 140 a factor of 1346380?
True
Is 112 a factor of 2844240?
True
Is 29 a factor of 146450?
True
Does 42 divide 158971?
False
Is 7418662 a multiple of 432?
False
Is 395163 a multiple of 14?
False
Is 205 a factor of 70725?
True
Is 1232 a factor of 2760912?
True
Is 1442694 a multiple of 142?
False
Is 1085 a factor of 256060?
True
Is 845651 a multiple of 76?
False
Does 10 divide 9895976?
False
Is 77 a factor of 19700373?
True
Does 16 divide 1743920?
True
Is 282 a factor of 7467078?
True
Is 177024 a multiple of 41?
False
Is 12 a factor of 1480152?
True
Is 108264 a multiple of 12?
True
Does 215 divide 4846530?
True
Is 15 a factor of 39840?
True
Does 66 divide 69564?
True
Is 8 a factor of 49704?
True
Does 48 divide 208537?
False
Is 11 a factor of 4620?
True
Is 10212 a multiple of 12?
True
Is 211 a factor of 445843?
True
Is 9 a factor of 4292675?
False
Is 2271476 a multiple of 314?
True
Does 14 divide 1610?
True
Is 356 a factor of 412604?
True
Does 359 divide 180577?
True
Does 218 divide 938054?
True
Is 3200318 a multiple of 13?
False
Does 238 divide 2141699?
False
Does 378 divide 5428458?
True
Does 24 divide 223944?
True
Does 4 divide 168884?
True
Does 82 divide 91348?
True
Is 81100 a multiple of 113?
False
Is 21035 a multiple of 2?
False
Is 40754 a multiple of 14?
True
Does 79 divide 11348?
False
Does 22 divide 275268?
False
Does 13 divide 2649873?
False
Is 5 a factor of 444620?
True
Is 1807000 a multiple of 154?
False
Is 122 a factor of 534482?
True
Does 30 divide 73650?
True
Is 159052 a multiple of 17?
True
Does 1296 divide 3431808?
True
Does 30 divide 1290139?
False
Is 30 a factor of 4593810?
True
Is 3781512 a multiple of 31?
False
Does 4 divide 2626749?
False
Is 799250 a multiple of 25?
True
Is 3 a factor of 11528?
False
Is 31 a factor of 9026797?
True
Is 133 a factor of 756637?
True
Does 44 divide 670824?
True
Does 96 divide 1547020?
False
Does 39 divide 366913?
False
Is 79 a factor of 418223?
False
Is 874 a factor of 2006924?
False
Is 71640 a multiple of 12?
True
Does 96 divide 24960?
True
Is 21 a factor of 1125646?
False
Is 4509246 a multiple of 42?
True
Is 35 a factor of 505896?
False
Is 135032 a multiple of 17?
False
Is 132 a factor of 8301876?
True
Does 32 divide 163192?
False
Is 288 a factor of 4807509?
False
Is 56748 a multiple of 61?
False
Is 6 a factor of 132524?
False
Is 14 a factor of 486389?
False
Is 6986304 a multiple of 351?
True
Is 6180148 a multiple of 157?
True
Is 207324 a multiple of 6?
True
Is 332 a factor of 3934532?
True
Is 13 a factor of 263185?
True
Does 194 divide 10298352?
False
Is 8 a factor of 47024?
True
Does 165 divide 10182202?
False
Is 17379701 a multiple of 8?
False
Is 698377 a multiple of 17?
True
Is 46 a factor of 274712?
True
Is 10 a factor of 363820?
True
Does 874 divide 5722952?
True
Is 643 a factor of 3731972?
True
Is 305716 a multiple of 23?
True
Is 10070071 a multiple of 25?
False
Is 795579 a multiple of 137?
False
Is 66 a factor of 12214752?
True
Is 69 a factor of 13918887?
True
Is 292 a factor of 199436?
True
Does 15 divide 44550?
True
Is 3361478 a multiple of 17?
True
Is 483729 a multiple of 13?
False
Is 125 a factor of 174625?
True
Is 24 a factor of 81864?
True
Is 855479 a multiple of 123?
False
Is 36 a factor of 3454848?
True
Is 1399981 a multiple of 651?
False
Does 8 divide 541466?
False
Is 20559 a multiple of 5?
False
Is 5 a factor of 1817775?
True
Is 325 a factor